o base 6.
5134
Convert 1231 (base 4) to base 16.
6d
Convert 32b76 (base 12) to base 14.
1a77c
1000101100 (base 2) to base 5
4211
What is -122020112 (base 3) in base 9?
-18215
Convert -1012 (base 5) to base 13.
-a2
Convert -a (base 11) to base 13.
-a
Convert 2605 (base 9) to base 10.
1949
Convert -2688 (base 15) to base 7.
-32663
-203201 (base 4) to base 16
-8e1
Convert -137 (base 12) to base 9.
-227
What is 439b (base 15) in base 4?
3133301
1763 (base 8) to base 5
13021
Convert -3233 (base 9) to base 6.
-15003
What is 502 (base 11) in base 16?
25f
What is 1232 (base 6) in base 8?
464
Convert 2a71 (base 12) to base 3.
20211111
What is -2bc (base 15) in base 13?
-393
What is -4130 (base 11) in base 2?
-1010101100110
What is -2021 (base 11) in base 6?
-20233
What is 547 (base 8) in base 15?
18e
Convert -22332 (base 4) to base 6.
-3130
Convert -1002221121 (base 3) to base 7.
-120436
Convert 12033 (base 5) to base 9.
1202
-12a (base 13) to base 7
-412
-42010 (base 7) to base 14
-3a77
1020011200 (base 3) to base 12
11bb3
What is 7510 (base 10) in base 7?
30616
-110 (base 4) to base 14
-16
What is 11021302 (base 4) in base 7?
115351
-654 (base 7) to base 5
-2313
What is 28 (base 9) in base 12?
22
1103 (base 8) to base 15
289
143011 (base 6) to base 7
54460
Convert -200212 (base 4) to base 7.
-6040
Convert -5dd (base 15) to base 2.
-10100110101
Convert bd03 (base 16) to base 6.
1012003
Convert -79 (base 12) to base 9.
-113
What is 111101211 (base 3) in base 14?
37bb
What is 10111101001 (base 2) in base 16?
5e9
Convert 300032 (base 4) to base 3.
11020022
What is -2004 (base 13) in base 14?
-1862
bb3b (base 15) to base 6
503332
231011 (base 4) to base 9
3855
1843 (base 10) to base 9
2467
15146 (base 7) to base 11
3178
What is 2121111 (base 3) in base 2?
11101101111
-131230 (base 4) to base 3
-2121101
1214 (base 16) to base 12
2818
-1c6 (base 15) to base 7
-1125
Convert -360 (base 13) to base 5.
-4320
Convert 37503 (base 11) to base 6.
1053144
-1010111000 (base 2) to base 9
-853
What is -41 (base 10) in base 11?
-38
16606 (base 7) to base 6
34011
What is 15503 (base 8) in base 13?
323b
Convert -100043 (base 5) to base 4.
-301030
-452 (base 9) to base 6
-1415
13032 (base 4) to base 3
122010
What is 422 (base 5) in base 6?
304
3b4 (base 15) to base 16
34c
Convert -9d (base 16) to base 9.
-184
Convert -111000022 (base 3) to base 13.
-4418
Convert -232ac (base 13) to base 7.
-355103
Convert 81b (base 12) to base 11.
979
-2677 (base 16) to base 11
-7442
Convert 3ab (base 12) to base 16.
233
-126a (base 15) to base 16
-f55
What is 1a239 (base 13) in base 9?
76754
1322 (base 8) to base 11
5a7
Convert -339 (base 14) to base 13.
-3a2
What is -b8c9 (base 16) in base 8?
-134311
41193 (base 11) to base 16
ead6
-2156 (base 7) to base 13
-479
Convert -413 (base 10) to base 8.
-635
What is -a62 (base 14) in base 10?
-2046
-2141 (base 5) to base 14
-172
Convert -21343 (base 7) to base 4.
-1103023
What is -13023 (base 15) in base 2?
-1110110101101111
Convert -383 (base 16) to base 12.
-62b
What is -4296 (base 13) in base 10?
-9249
Convert a7 (base 14) to base 7.
300
What is 403 (base 6) in base 14?
a7
11111101111010 (base 2) to base 4
3331322
Convert 338 (base 12) to base 9.
578
Convert 15510 (base 10) to base 8.
36226
-13b2 (base 12) to base 2
-100011110110
What is -15ba (base 16) in base 9?
-7560
Convert -1221100 (base 4) to base 2.
-1101001010000
11405 (base 6) to base 4
121331
Convert 20c6 (base 16) to base 4.
2003012
110001001011 (base 2) to base 10
3147
What is -4315 (base 6) in base 11?
-814
128 (base 16) to base 7
602
-55340 (base 8) to base 3
-1011220122
What is -136455 (base 7) in base 3?
-1100002020
What is -1211010 (base 4) in base 6?
-45540
Convert 11002002010 (base 3) to base 10.
80247
300 (base 11) to base 5
2423
Convert 1000100011001100 (base 2) to base 15.
a59a
-1423 (base 6) to base 8
-567
What is -7364 (base 9) in base 3?
-21102011
What is -21200202 (base 3) in base 2?
-1010111101001
2353 (base 7) to base 6
4011
27 (base 15) to base 4
211
What is 1614 (base 11) in base 3?
2211202
What is 10011111111111 (base 2) in base 15?
3079
49 (base 13) to base 15
41
Convert -144540 (base 7) to base 8.
-66630
What is c82a (base 15) in base 16?
a564
-1232 (base 4) to base 7
-215
What is 1100001100 (base 2) in base 11?
64a
Convert -8da (base 14) to base 2.
-11011100000
Convert 932d (base 14) to base 10.
25325
Convert -172 (base 10) to base 14.
-c4
-63117 (base 8) to base 14
-978b
Convert 1d9 (base 15) to base 2.
110101101
What is -3a5 (base 16) in base 3?
-1021120
What is -502 (base 7) in base 8?
-367
38d (base 16) to base 4
32031
2164 (base 9) to base 7
4441
What is -24484 (base 12) in base 10?
-49060
Convert -100405 (base 6) to base 5.
-223200
Convert -1646 (base 11) to base 5.
-31412
Convert 1002001 (base 3) to base 10.
784
111233 (base 5) to base 8
7547
4390 (base 15) to base 16
37e6
3311 (base 4) to base 16
f5
Convert 22423 (base 6) to base 8.
6157
220645 (base 7) to base 15
b72d
-9e90 (base 15) to base 10
-33660
-18d (base 14) to base 9
-386
Convert -460 (base 12) to base 11.
-53a
What is -101010110101 (base 2) in base 3?
-10202112
Convert 455 (base 9) to base 15.
19e
Convert 366 (base 7) to base 5.
1240
202022 (base 3) to base 9
668
Convert 202 (base 15) to base 10.
452
What is -11232 (base 4) in base 12?
-266
771 (base 10) to base 11
641
What is 73a (base 12) in base 14?
554
Convert 11a (base 14) to base 11.
190
Convert -21a2 (base 11) to base 5.
-43040
Convert 43c (base 15) to base 13.
588
Convert 1570 (base 10) to base 8.
3042
646 (base 7) to base 13
1c3
7200 (base 8) to base 2
111010000000
What is -110434 (base 5) in base 12?
-22a5
Convert -aa3 (base 15) to base 5.
-34103
What is 504504 (base 6) in base 2?
1001101111111000
Convert 12ba (base 13) to base 14.
da0
176c (base 13) to base 7
13055
344 (base 15) to base 9
1011
Convert -13323 (base 7) to base 13.
-1836
What is -8 (base 15) in base 14?
-8
Convert -2101113 (base 4) to base 12.
-5473
26a (base 11) to base 7
633
-17c7 (base 16) to base 2
-1011111000111
What is 1340 (base 6) in base 4?
11130
703 (base 14) to base 15
61a
What is 211 (base 15) in base 13?
29b
Convert -1ac (base 15) to base 11.
-322
Convert b80 (base 13) to base 8.
3653
Convert 202 (base 11) to base 7.
466
What is -346 (base 14) in base 4?
-22022
Convert 110211012 (base 3) to base 12.
54ab
Convert 20022 (base 3) to base 11.
145
Convert 1010010000001110 (base 2) to base 13.
16168
What is -34611 (base 7) in base 3?
-110011210
-23623 (base 9) to base 13
-7278
Convert bab (base 14) to base 3.
10011110
What is -1b52 (base 12) in base 6?
-23342
11333 (base 12) to base 7
123603
24b64 (base 12) to base 7
265621
What is -10104 (base 5) in base 7?
-1623
Convert 2134 (base 6) to base 8.
752
1455 (base 6) to base 2
110001011
Convert 1c7 (base 15) to base 11.
345
Convert 6383 (base 9) to base 5.
122232
86 (base 16) to base 3
11222
Convert -1e6 (base 15) to base 10.
-441
Convert 721 (base 14) to base 12.
989
What is -112122 (base 3) in base 11?
-32a
What is -3012 (base 7) in base 16?
-40e
What is -4629 (base 12) in base 7?
-31524
Convert 326054 (base 7) to base 5.
3313240
What is 4ba6 (base 15) in base 2?
11111100000011
Convert 1356 (base 13) to base 5.
42100
-9cd (base 14) to base 5
-30240
Convert a002 (base 12) to base 10.
17282
Convert 1023021 (base 4) to base 16.
12c9
3453 (base 16) to base 6
142003
What is 8540 (base 9) in base 13?
2b17
-114124 (base 5) to base 9
-5785
What is -38c0 (base 14) in base 8?
-23360
What is 893 (base 14) in base 13?
a07
-24221 (base 6) to base 3
-11212011
-11221 (base 3) to base 14
-97
1209 (base 13) to base 11
1a03
Convert 2021113 (base 4) to base 16.
2257
25142 (base 7) to base 4
1213010
What is -2000 (base 4) in base 7?
-242
-625 (base 9) to base 7
-1325
Convert -10336 (base 8) to base 4.
-1003132
-3345 (base 7) to base 2
-10010111001
Convert -25a (base 15) to base 16.
-217
What is 1111011010 (base 2) in base 14?
506
What is -12215 (base 6) in base 12?
-106b
What is 532 (base 9) in base 13?
275
What is 5311 (base 11) in base 15?
213a
Convert 22122222 (base 4) to base 6.
525310
Convert 322 (base 5) to base 9.
106
What is -1638 (base 10) in base 12?
-b46
Convert 301023 (base 7) to base 10.
50781
What is 1010110000